{"id":754,"date":"2014-02-19T18:40:54","date_gmt":"2014-02-19T17:40:54","guid":{"rendered":"http:\/\/susannehahn.net\/susanne\/?page_id=754"},"modified":"2022-12-13T09:29:51","modified_gmt":"2022-12-13T08:29:51","slug":"music","status":"publish","type":"page","link":"https:\/\/susannehahn.net\/?page_id=754","title":{"rendered":"Music"},"content":{"rendered":"<div>\n<div>\n<div id=\"i22\" class=\"A2zxfe\">\n<div class=\"is2Add\">\n<div id=\"i23\" class=\"pQcgke\" tabindex=\"0\">\n<div class=\"E68jgf\">\n<p><a href=\"http:\/\/susannehahn.net\/susanne\/wp-content\/uploads\/SusanneHahn.CD-Cover.jpg\"><img decoding=\"async\" loading=\"lazy\" class=\"alignnone wp-image-1529\" src=\"http:\/\/susannehahn.net\/susanne\/wp-content\/uploads\/SusanneHahn.CD-Cover.jpg\" alt=\"SusanneHahn.CD-Cover\" width=\"530\" height=\"530\" srcset=\"https:\/\/susannehahn.net\/wp-content\/uploads\/SusanneHahn.CD-Cover.jpg 2302w, https:\/\/susannehahn.net\/wp-content\/uploads\/SusanneHahn.CD-Cover-150x150.jpg 150w, https:\/\/susannehahn.net\/wp-content\/uploads\/SusanneHahn.CD-Cover-300x300.jpg 300w, https:\/\/susannehahn.net\/wp-content\/uploads\/SusanneHahn.CD-Cover-768x768.jpg 768w, https:\/\/susannehahn.net\/wp-content\/uploads\/SusanneHahn.CD-Cover-1024x1024.jpg 1024w, https:\/\/susannehahn.net\/wp-content\/uploads\/SusanneHahn.CD-Cover-950x950.jpg 950w\" sizes=\"(max-width: 530px) 100vw, 530px\" \/><\/a><\/p>\n<h3><em><span style=\"color: #99cc00;\"><strong> <a href=\"https:\/\/www.galileomusic.de\/artikel\/18324\/Susanne_Hahn_Timeless_Forever\">&gt;&gt;H\u00d6RPROBEN-CD (Galileo Music)<\/a><\/strong><\/span><\/em><\/h3>\n<p>&nbsp;<\/p>\n<h3><a href=\"https:\/\/www.amazon.de\/Timeless-Forever-Susanne-Hahn\/dp\/B06Y181XBQ\/ref=sr_1_2?s=music&amp;ie=UTF8&amp;qid=1520433558&amp;sr=1-2&amp;keywords=Susanne+Hahn\">CD bestellen bei AMAZON<\/a> oder <a href=\"https:\/\/www.buecher.de\/shop\/klassik\/timeless-forever\/hahnsusanne\/products_products\/detail\/prod_id\/47984507\/\">B\u00dcCHER.DE<\/a><\/h3>\n<p>&nbsp;<\/p>\n<style type=\"text\/css\">\n\t<!-- @page { margin: 2cm } P { margin-bottom: 0.21cm } --><br \/>\t<\/style>\n<p>&nbsp;<\/p>\n<h3>Timeless Forever CD Susanne Hahn<\/h3>\n<p>&nbsp;<\/p>\n<h3><a href=\"http:\/\/www.scoreandmore-music.com\/content_susannehahn.html\">SAMM-SCOREANDMORE-MUSIC\/SUSANNEHAHN<\/a><\/h3>\n<p>&nbsp;<\/p>\n<p><span style=\"font-family: Segoe Print;\"><span style=\"font-size: small;\"><br \/>\nAs life sometimes isn\u2019t easy, I wanted to create a special CD \u2013 out of time and far removed from normal, commercial, mainstream music. A dreamy project to be found somewhere between classic, jazz and film music. I studied classical music but have played in so many different bands \u2013 bossa nova, tango argentino, Greek and Persian music. After working with songwriters (German, Italian and French), playing funky jazz and composing theatre and film music (of an experimental nature), I finally decided to create my very own project. If you want to classify my music, it could be world music. At the age of three I began to play the flute, at six the piano and later the cello. Music is my life. For me the healing aspect of music has become more and more important and this CD has its spiritual side. But you don\u2019t have to believe in anything at all \u2013 you can simply listen and relax, and perhaps discover some polyrhythmic structures behind the romantic melodies. Just enjoy it. Susanne (April 2017)<br \/>\nSpecial Thanks to Alexander Gerzenberg who played the trumpets\/ flugelhorn in track 8, 10, 17<br \/>\nTrack 17 is dedicaded to Larry Elam (trumpeter), a good friend, who died 9 years ago &#8211; in this song Alexander played his trumpet and we had the strong feeling that Larry was with us. For me Alexanders Solo is a very special, amazing gift. The Connection between Heaven and Earth.<br \/>\n(beautiful surprise. we entered the Charts in Bulgaria!) Susanne Hahn<\/span><\/span><\/p>\n<p>&nbsp;<\/p>\n<p><span style=\"font-family: Segoe Print;\"><span style=\"font-size: small;\"><br \/>\nTimeless Forever &#8211; the Story<br \/>\n<span style=\"font-family: Segoe Print;\"><span style=\"font-size: small;\"><br \/>\nTogether with the fool we begin our journey in a remote village at the end of the world: \u201cMalbella\u201d. Ancient walls and ruins where the invisibles are dancing. There, the \u201cHermit\u201d feels good because human beings rarely pass by. At a glade we observe \u201cThe one who dances on water\u201d, no matter what happens, a light-footed magician. In the midst of nature life can be wonderful. The \u201cCrickets\u201d are singing their song.<br \/>\nAfter this wonderful drama we hear the fool\u2019s \u201cMeditation\u201d.<br \/>\nNow we are entering the realm of trees. Four orchestral works: A \u201cLargo\u201d of sorrow over what has happened. \u201cBeing\u201d \u2013 perhaps the lightness of being despite everything. Forgetting time between the trees, losing ourselves in the cosmos of magical sounds and diving into the depths of our being, discovering the pain and the sadness, but finally finding back to the lightness, to the light, and breathing freely. Breathing in a breathless time \u2013 and therefore setting a counterpoint just like \u201cTassilo\u201d, a gnarled old tree, or Sieglinde, the \u201cSun worshipper\u201d, the sister who\u2019s twisting her arms to the sun.<br \/>\nThe fool is dreaming \u2026<br \/>\nThe meditative compositions for five cellos \u2013 \u201cTimeless\u2019\u201d, \u201cZeitgeist*\u201d, \u201cDuo Sacral\u201d and \u201cPromenade*\u201d \u2013&nbsp;were written for the Stelzentheater Waldwesen (literally The Forest Creatures\u2019 Theater on Stilts). Compositions for five cellos focusing on the forest and its creatures, including delicate elves, earthy trolls and the zeitgeist. At the end we again meet the fool who had set off on the journey without knowing where the wind would carry him. He remains curious and carefree although he stumbled several times. \u201crideo ergo sum\u201d, says the fool.<\/span><\/span><\/span><\/span><\/p>\n<p>&nbsp;<\/p>\n<p><img decoding=\"async\" loading=\"lazy\" class=\"\" src=\"http:\/\/susannehahn.net\/susanne\/wp-content\/uploads\/SusanneHahn.TimelessForever.2.jpg\" alt=\"Susanne Hahn Timeless Forever 2\" width=\"517\" height=\"406\"><\/p>\n<p><strong><a href=\"http:\/\/www.scoreandmore-music.com\/content_susannehahn.html\">SAMM-SCOREANDMORE-MUSIC\/SUSANNEHAHN<\/a><\/strong><\/p>\n<p>&nbsp;<\/p>\n<div class=\"E68jgf\">\n<p><span style=\"font-family: Segoe Print;\"><span style=\"font-size: small;\">&nbsp;<\/span><\/span><\/p>\n<p>&nbsp;<\/p>\n<p>&#8222;Timeless Forever&#8220; not only transcends the dimension of time, it transcends boundaries as well \u2013 while listening to the music. You can experience and enjoy this CD in very different ways. Listen intensively and you discover the fascinating musical and polyrhythmic diversity of the various pieces. If you&#8217;ve got a good ear for music, you&#8217;ll find yourself more and more captivated the longer you listen. Play the CD in the background &#8211; when reading a book or quietly conversing &#8211; and you&#8217;ll feel a sense of calm that makes reading or chatting all the more enjoyable. The music flows past almost unnoticed, but is still ever-present. Last but not least, Susanne Hahn&#8217;s pieces have a spiritual dimension that touches the soul and soothes the spirit. A real blessing in our hectic times.<br \/>\n<a href=\"https:\/\/www.google.de\/url?sa=t&amp;rct=j&amp;q=&amp;esrc=s&amp;source=web&amp;cd=1&amp;cad=rja&amp;uact=8&amp;ved=0ahUKEwjfp4fUmqrZAhWQbVAKHanQB6gQFggoMAA&amp;url=http%3A%2F%2Fcraston.de%2Fde%2F&amp;usg=AOvVaw3sanSjrkIhVdu-AYHOcubf\">Andrew Craston<\/a><\/p>\n<\/div>\n<\/div>\n<p>\u201eTimeless Forever\u201c hat nicht nur eine starke zeitlose Dimension, sondern auch eine grenzenlose. Beim Zuh\u00f6ren versteht es sich. Diese CD kann man auf verschiedene Weise erleben und genie\u00dfen. Beim intensiven Zuh\u00f6ren entdeckt man die ganze musikalische und polyrhythmische Vielfalt der St\u00fccke. Wer ein Ohr f\u00fcr gute Musik hat, h\u00f6rt mit zunehmender Faszination zu. Aber auch als Hintergrundmusik \u2013 beim B\u00fccherlesen oder leiser Unterhaltung \u2013 strahlt die Musik eine solche Ruhe aus, dass das Lesen oder Reden zu einem noch gr\u00f6\u00dferen Genuss wird. Fast ungemerkt, doch immer pr\u00e4sent ist diese Musik. Und nicht zuletzt haben die St\u00fccke von Susanne Hahn eine spirituelle Dimension, die die Seele ber\u00fcht und den Geist beruhigt. In unseren hektischen Zeiten ein wahrer Segen.<br \/>\n<a href=\"https:\/\/www.google.de\/url?sa=t&amp;rct=j&amp;q=&amp;esrc=s&amp;source=web&amp;cd=1&amp;cad=rja&amp;uact=8&amp;ved=0ahUKEwjfp4fUmqrZAhWQbVAKHanQB6gQFggoMAA&amp;url=http%3A%2F%2Fcraston.de%2Fde%2F&amp;usg=AOvVaw3sanSjrkIhVdu-AYHOcubf\">Andrew Craston<\/a><\/p>\n<\/div>\n<\/div>\n<\/div>\n<\/div>\n<\/div>\n","protected":false},"excerpt":{"rendered":"<p>&gt;&gt;H\u00d6RPROBEN-CD (Galileo Music) &nbsp; CD bestellen bei AMAZON oder B\u00dcCHER.DE &nbsp; &nbsp; Timeless Forever CD Susanne Hahn &nbsp; SAMM-SCOREANDMORE-MUSIC\/SUSANNEHAHN &nbsp; As life sometimes isn\u2019t easy, I wanted to create a special CD \u2013 out of time and far removed from normal, commercial, mainstream music. A dreamy project to be found somewhere between classic, jazz and [&hellip;]<\/p>\n","protected":false},"author":3,"featured_media":0,"parent":0,"menu_order":0,"comment_status":"closed","ping_status":"open","template":"","meta":[],"_links":{"self":[{"href":"https:\/\/susannehahn.net\/index.php?rest_route=\/wp\/v2\/pages\/754"}],"collection":[{"href":"https:\/\/susannehahn.net\/index.php?rest_route=\/wp\/v2\/pages"}],"about":[{"href":"https:\/\/susannehahn.net\/index.php?rest_route=\/wp\/v2\/types\/page"}],"author":[{"embeddable":true,"href":"https:\/\/susannehahn.net\/index.php?rest_route=\/wp\/v2\/users\/3"}],"replies":[{"embeddable":true,"href":"https:\/\/susannehahn.net\/index.php?rest_route=%2Fwp%2Fv2%2Fcomments&post=754"}],"version-history":[{"count":85,"href":"https:\/\/susannehahn.net\/index.php?rest_route=\/wp\/v2\/pages\/754\/revisions"}],"predecessor-version":[{"id":2649,"href":"https:\/\/susannehahn.net\/index.php?rest_route=\/wp\/v2\/pages\/754\/revisions\/2649"}],"wp:attachment":[{"href":"https:\/\/susannehahn.net\/index.php?rest_route=%2Fwp%2Fv2%2Fmedia&parent=754"}],"curies":[{"name":"wp","href":"https:\/\/api.w.org\/{rel}","templated":true}]}}